?
6
Calculate the remainder when 194 is divided by 17/(323/19)*3*19.
23
Suppose 0 = 4*u - 16, 0 = -4*y - 0*u + 3*u + 68. Calculate the remainder when 140 - (-5 - (-4 + -6)) is divided by y.
15
Suppose -18*u + 6*u = 4*u. Suppose 0 = p - 1, u*i = -i + p + 20. What is the remainder when 39 is divided by i?
18
What is the remainder when 16895 is divided by 22/(36/(-189)*2/(-4)*7)?
32
Suppose -5*u = -0*u - 40. Let x be 1/(453/75 + -6). Suppose -x*a + 173 = -927. What is the remainder when a is divided by u?
4
Let b(a) = -24*a + 28*a + 7 + 97. Calculate the remainder when 285 is divided by b(-8).
69
Let m(z) be the third derivative of z**4/24 - 5*z**3/2 - z**2 - z. What is the remainder when 5 is divided by m(19)?
1
Let g(v) = v**3 + v**2 + 41. Suppose m + 0*m + 4*z - 10 = 0, -3*m + 16 = 5*z. Suppose 0 = n - m*n + 3*n. What is the remainder when 121 is divided by g(n)?
39
Let t = 100 - -27. Let o = 174 - t. What is the remainder when 281 is divided by o?
46
Let l be 4/5 + -87*(-3)/(-45). Calculate the remainder when 1 + 5/(l/(-34)) is divided by 16.
3
Suppose 1272*s - 1293*s + 449 = -13. Calculate the remainder when 8689 is divided by s.
21
Let n(c) = 10*c**2 + 60*c - 597. Calculate the remainder when n(9) is divided by 129.
108
Let p(b) = -9*b - 44. Let y(x) = -1. Let c(f) = p(f) + 6*y(f). Calculate the remainder when 14 is divided by c(-7).
1
Let a = -54 + 28. Let z = a - -37. Calculate the remainder when (-69)/(-23) + -6 + 22 is divided by z.
8
Suppose -8*a - 3062 = 16*a - 19598. What is the remainder when a is divided by 141?
125
Let d be (112/35 - 3)*-10. Let n(t) = t**2 - 5*t - 1. Let l be n(4). Calculate the remainder when 9 is divided by ((40/2)/l)/d.
1
Let z be 30/(-5) - -4 - -5. Suppose -2*u = 5*q - 77, -z*q - u + 46 = -0*q. What is the remainder when 44 is divided by -4 - -2 - q*-1?
5
Let m(z) = -z**2 - 2*z. Let n be m(-2). Suppose -3*v + 18 = -n*v. Let l = 106 - 78. What is the remainder when l is divided by v?
4
Suppose 0 = 4*z - 95 - 61. Calculate the remainder when 305 is divided by z.
32
Let q = 34 + -21. Let y = 393 + -385. Let v = q + y. Calculate the remainder when 41 is divided by v.
20
Suppose -300 = 16*w - 1660. Calculate the remainder when 2816 is divided by w.
11
Suppose -2*i + 4*m + 216 = 0, -2*i + 242 = -m + 41. Calculate the remainder when 2445 is divided by i.
93
Suppose 5*n = -3*p - 0*n + 92, 2*n = -4. Let q be 1173/6 - 2/4. Calculate the remainder when 1/(0 + 3/q) is divided by p.
31
Let k(d) = 80*d - 5. Suppose 11*b - 6 - 5 = 0. Calculate the remainder when 824 is divided by k(b).
74
Let p(i) be the third derivative of i**6/120 - i**5/20 - 5*i**4/12 + i**3 - 6*i**2 - i. Calculate the remainder when 10 is divided by p(5).
4
Suppose -41*r - 348 = -2*l - 45*r, 0 = -4*l + 5*r + 657. Suppose 5*i = 2*k + 172, -3*i + 4*k + 38 = -68. What is the remainder when l is divided by i?
32
Suppose 0 = -2*f + 157 + 201. Let q = -50 + f. What is the remainder when 92 is divided by (-15)/60 + q/4?
28
What is the remainder when 6249 is divided by (-72)/252 - (48/70)/((-4)/60)?
9
Suppose 194 = i + 6*h, 0 = 3*i + 3*h - 111 - 396. Calculate the remainder when 4425 is divided by i.
161
Suppose 34 = -20*s + 3*s. Let o = 2 + 7. Calculate the remainder when (30/(-3 - 0))/(s/4) is divided by o.
2
Let s(h) = -2*h - 14. Let f be s(-11). Suppose -f*a = -3*a - 155. What is the remainder when 4 - (-2 - -1)*a is divided by 18?
17
Suppose 0 = -3*l + 2*s + 52, -l + 9 = 6*s - 5*s. Let z = -764 + 843. What is the remainder when z is divided by l?
9
What is the remainder when (18/(-30))/((-5)/125) is divided by ((-10)/25)/((2/15)/(-2))?
3
Let o(n) = -33*n - 413. What is the remainder when 38 is divided by o(-13)?
6
Let s = -234 + 866. Let t = -606 + s. What is the remainder when 116 is divided by t?
12
Let v be (4/(-10))/(((-4)/2570)/(-2)). Let t = v - -530. What is the remainder when 44 is divided by t?
12
Suppose -7*j = -3*j - 112. Suppose -14*a = -10*a - j. Calculate the remainder when 7 is divided by a.
0
Let w be (6 + -6)/(0 - (-3 + 1)). Suppose -8*j + 1522 - 490 = w. Calculate the remainder when j is divided by 22.
19
Suppose 5*s + 64 = -q, s + 14 = -q - 2. Suppose -452 = -6*i + 2*i. Calculate the remainder when i is divided by (8/s)/(6/(-342)).
37
Let v be (-600)/36*(-12)/10. Suppose 0 = -y - 0*n + 4*n + 44, -y = 4*n - v. Let g(h) = 60*h**2 + 1. What is the remainder when g(1) is divided by y?
29
Let o(z) = 2*z**3 - 5*z**2 + 3*z. Let r be o(0). Suppose r = 17*d - 11*d - 312. Calculate the remainder when 309 is divided by d.
49
Let w = -18 - -7. Let b = -600 - -604. Calculate the remainder when 63 is divided by b + (-1 - w) + 2.
15
Suppose 5*n - 166 = 3*i + 144, 10 = -2*i. Suppose 5 = -4*o + 17. Suppose 0 = o*m - 2*m - 12. Calculate the remainder when n is divided by m.
11
What is the remainder when 138 is divided by ((-896)/256 - (-7 + 1))*(-256)/(-10)?
10
Suppose 1215 = -11*z + 4119. Suppose -11*x + z = -5*x. Calculate the remainder when x is divided by 15.
14
Let j(c) = c**2 + c - 8. Let b be j(-4). Let u(i) = -i**3 + 8*i**2 - 6*i + 12. Suppose 15*y = 13*y + 54. What is the remainder when u(b) is divided by y?
25
Let t = 123 + -93. Calculate the remainder when (5/(t/(-168)))/(-2) is divided by (1 - 0/(-1)) + 3.
2
Suppose -13*j - 36 = -25*j. Suppose 4*v = j*v + 16. What is the remainder when 203 is divided by v?
11
Let m = -4646 + 4963. What is the remainder when 1002 is divided by m?
51
Let c = 4551 - 2777. Calculate the remainder when c is divided by 883.
8
Let y(l) = -4 + 5*l + 7*l**3 + 0*l**2 - l**3 - 7*l**3 + 2*l**2. Suppose -5*r - 18 = r. Calculate the remainder when 72 is divided by y(r).
20
Let b = -399 + 1619. Let q = 794755 - 794708. What is the remainder when b is divided by q?
45
Calculate the remainder when 94 is divided by (-32 + 1 + -7)/(-4 + 6 + -3).
18
Suppose -5*m + 261 = 3*f, 109*m - 112*m = -5*f + 469. Calculate the remainder when 356 is divided by f.
80
Suppose 37*t + 5*x + 161 = 39*t, 5*t = -5*x + 455. Calculate the remainder when 150 is divided by t.
62
Suppose -48*j = -72 - 270 + 54. Calculate the remainder when 1936 is divided by j.
4
Let g = 26 - -12. Let d(f) = 4*f**2 - 27*f - 28. Let r be d(-1). Suppose r*h = 51 - 12. Calculate the remainder when g is divided by h.
12
Let z be 6 - 2*(-2 + 4). Suppose -5*x + 1 = z*k, 0 = -5*x - 5. Suppose 9*l - 6 = 7*l. What is the remainder when l is divided by k?
0
Suppose -99*c - 25722 + 11661 + 233049 = 0. Calculate the remainder when c is divided by 82.
80
Suppose p - 9 = 0, -5*p + 192 = 11*w - 4*w. Let a(m) = -m**2 + 21*m + 1. Calculate the remainder when a(10) is divided by w.
6
What is the remainder when 977 is divided by 324/(-45)*(-25)/2?
77
Calculate the remainder when 772000/240 - (-6)/(-9) is divided by 23.
19
Let q be 465/(-62)*-1*2. Suppose q = -2*h + 19. Suppose 4*g = -h*w + 18, 5*w - 21 = -5*g + 3*g. What is the remainder when 26 is divided by w?
2
Let m = -1306 + 1674. Calculate the remainder when m is divided by 353.
15
Let s(u) = -2*u**3 - 5*u**2 + 6*u + 1. Suppose 0 = 48*p - 36 - 108. Let c = p + 23. Calculate the remainder when s(-5) is divided by c.
18
Let p(y) = 3*y**2 - 37*y - 4. Let u(d) = 2*d**2 + 14*d - 4. Let l be u(-8). Let g be p(l). What is the remainder when 15/5*(1 - g) + 3 is divided by 19?
16
Let c(w) = -520*w - 4062. What is the remainder when 2252 is divided by c(-8)?
96
Suppose 27*u = 31*u - 20, -5*l = 3*u - 40. Let g = -10 + 3. Let k = g + 13. What is the remainder when k is divided by l?
1
Suppose -38 = -5*l - 13. Suppose -20 = 5*o, -l*n - 3*o + 4*o + 119 = 0. Calculate the remainder when n is divided by (-10)/4*(-16)/5.
7
Suppose 12*d - 70*d + 127*d - 828 = 0. What is the remainder when 105 is divided by d?
9
Suppose 0 = -4*m + 26*k - 22*k + 728, -15 = 5*k. What is the remainder when m is divided by 43?
7
Suppose -10*t + 592011 + 110133 = 22*t. Calculate the remainder when t is divided by 231.
228
Let p(g) = 14*g - 27. Let j be p(4). Suppose -4*i = m - 66 - j, 4*i - 5*m = 101. Calculate the remainder when i is divided by 13.
11
Let y(x) = 16*x - 38. Calculate the remainder when 178 is divided by y(13).
8
Let w = 6250 - 6191. What is the remainder when 467 is divided by w?
54
Let n be (-1)/3 + (-2465)/(-15). Let j = -142 + n. Calculate the rema